{"id":703,"date":"2011-05-20T18:51:43","date_gmt":"2011-05-21T01:51:43","guid":{"rendered":"https:\/\/wpthemetestdata.wordpress.com\/?page_id=703"},"modified":"2011-05-20T18:51:43","modified_gmt":"2011-05-21T01:51:43","slug":"blog-2","status":"publish","type":"page","link":"https:\/\/dbayod.com\/blog\/blog-2\/","title":{"rendered":"a Blog page"},"content":{"rendered":"<p>Use this static Page to test the Theme&#8217;s handling of the Blog Posts Index page. If the site is set to display a static Page on the Front Page, and this Page is set to display the Blog Posts Index, then this text should not appear. The title might, so make sure the theme is not supplying a hard-coded title for the Blog Post Index.<\/p>\n","protected":false},"excerpt":{"rendered":"<p>Use this static Page to test the Theme&#8217;s handling of the Blog Posts Index page. If the site is set to display a static Page on the Front Page, and &hellip; <\/p>\n","protected":false},"author":1,"featured_media":0,"parent":0,"menu_order":0,"comment_status":"open","ping_status":"closed","template":"","meta":{"footnotes":""},"class_list":["post-703","page","type-page","status-publish","hentry"],"yoast_head":"<!-- This site is optimized with the Yoast SEO plugin v20.12 - https:\/\/yoast.com\/wordpress\/plugins\/seo\/ -->\n<title>a Blog page - dbayod<\/title>\n<meta name=\"robots\" content=\"index, follow, max-snippet:-1, max-image-preview:large, max-video-preview:-1\" \/>\n<link rel=\"canonical\" href=\"https:\/\/dbayod.com\/blog\/blog-2\/\" \/>\n<meta property=\"og:locale\" content=\"es_ES\" \/>\n<meta property=\"og:type\" content=\"article\" \/>\n<meta property=\"og:title\" content=\"a Blog page - dbayod\" \/>\n<meta property=\"og:description\" content=\"Use this static Page to test the Theme&#8217;s handling of the Blog Posts Index page. If the site is set to display a static Page on the Front Page, and &hellip;\" \/>\n<meta property=\"og:url\" content=\"https:\/\/dbayod.com\/blog\/blog-2\/\" \/>\n<meta property=\"og:site_name\" content=\"dbayod\" \/>\n<meta name=\"twitter:card\" content=\"summary_large_image\" \/>\n<script type=\"application\/ld+json\" class=\"yoast-schema-graph\">{\"@context\":\"https:\/\/schema.org\",\"@graph\":[{\"@type\":\"WebPage\",\"@id\":\"https:\/\/dbayod.com\/blog\/blog-2\/\",\"url\":\"https:\/\/dbayod.com\/blog\/blog-2\/\",\"name\":\"a Blog page - dbayod\",\"isPartOf\":{\"@id\":\"https:\/\/dbayod.com\/blog\/#website\"},\"datePublished\":\"2011-05-21T01:51:43+00:00\",\"dateModified\":\"2011-05-21T01:51:43+00:00\",\"breadcrumb\":{\"@id\":\"https:\/\/dbayod.com\/blog\/blog-2\/#breadcrumb\"},\"inLanguage\":\"es\",\"potentialAction\":[{\"@type\":\"ReadAction\",\"target\":[\"https:\/\/dbayod.com\/blog\/blog-2\/\"]}]},{\"@type\":\"BreadcrumbList\",\"@id\":\"https:\/\/dbayod.com\/blog\/blog-2\/#breadcrumb\",\"itemListElement\":[{\"@type\":\"ListItem\",\"position\":1,\"name\":\"Portada\",\"item\":\"https:\/\/dbayod.com\/blog\/\"},{\"@type\":\"ListItem\",\"position\":2,\"name\":\"a Blog page\"}]},{\"@type\":\"WebSite\",\"@id\":\"https:\/\/dbayod.com\/blog\/#website\",\"url\":\"https:\/\/dbayod.com\/blog\/\",\"name\":\"dbayod\",\"description\":\"Fotograf\u00eda, tecnolog\u00eda, arte y mucho m\u00e1s\",\"publisher\":{\"@id\":\"https:\/\/dbayod.com\/blog\/#organization\"},\"potentialAction\":[{\"@type\":\"SearchAction\",\"target\":{\"@type\":\"EntryPoint\",\"urlTemplate\":\"https:\/\/dbayod.com\/blog\/?s={search_term_string}\"},\"query-input\":\"required name=search_term_string\"}],\"inLanguage\":\"es\"},{\"@type\":\"Organization\",\"@id\":\"https:\/\/dbayod.com\/blog\/#organization\",\"name\":\"dbayod\",\"url\":\"https:\/\/dbayod.com\/blog\/\",\"logo\":{\"@type\":\"ImageObject\",\"inLanguage\":\"es\",\"@id\":\"https:\/\/dbayod.com\/blog\/#\/schema\/logo\/image\/\",\"url\":\"https:\/\/dbayod.com\/blog\/wp-content\/uploads\/2021\/02\/cropped-logo.png\",\"contentUrl\":\"https:\/\/dbayod.com\/blog\/wp-content\/uploads\/2021\/02\/cropped-logo.png\",\"width\":361,\"height\":95,\"caption\":\"dbayod\"},\"image\":{\"@id\":\"https:\/\/dbayod.com\/blog\/#\/schema\/logo\/image\/\"}}]}<\/script>\n<!-- \/ Yoast SEO plugin. -->","yoast_head_json":{"title":"a Blog page - dbayod","robots":{"index":"index","follow":"follow","max-snippet":"max-snippet:-1","max-image-preview":"max-image-preview:large","max-video-preview":"max-video-preview:-1"},"canonical":"https:\/\/dbayod.com\/blog\/blog-2\/","og_locale":"es_ES","og_type":"article","og_title":"a Blog page - dbayod","og_description":"Use this static Page to test the Theme&#8217;s handling of the Blog Posts Index page. If the site is set to display a static Page on the Front Page, and &hellip;","og_url":"https:\/\/dbayod.com\/blog\/blog-2\/","og_site_name":"dbayod","twitter_card":"summary_large_image","schema":{"@context":"https:\/\/schema.org","@graph":[{"@type":"WebPage","@id":"https:\/\/dbayod.com\/blog\/blog-2\/","url":"https:\/\/dbayod.com\/blog\/blog-2\/","name":"a Blog page - dbayod","isPartOf":{"@id":"https:\/\/dbayod.com\/blog\/#website"},"datePublished":"2011-05-21T01:51:43+00:00","dateModified":"2011-05-21T01:51:43+00:00","breadcrumb":{"@id":"https:\/\/dbayod.com\/blog\/blog-2\/#breadcrumb"},"inLanguage":"es","potentialAction":[{"@type":"ReadAction","target":["https:\/\/dbayod.com\/blog\/blog-2\/"]}]},{"@type":"BreadcrumbList","@id":"https:\/\/dbayod.com\/blog\/blog-2\/#breadcrumb","itemListElement":[{"@type":"ListItem","position":1,"name":"Portada","item":"https:\/\/dbayod.com\/blog\/"},{"@type":"ListItem","position":2,"name":"a Blog page"}]},{"@type":"WebSite","@id":"https:\/\/dbayod.com\/blog\/#website","url":"https:\/\/dbayod.com\/blog\/","name":"dbayod","description":"Fotograf\u00eda, tecnolog\u00eda, arte y mucho m\u00e1s","publisher":{"@id":"https:\/\/dbayod.com\/blog\/#organization"},"potentialAction":[{"@type":"SearchAction","target":{"@type":"EntryPoint","urlTemplate":"https:\/\/dbayod.com\/blog\/?s={search_term_string}"},"query-input":"required name=search_term_string"}],"inLanguage":"es"},{"@type":"Organization","@id":"https:\/\/dbayod.com\/blog\/#organization","name":"dbayod","url":"https:\/\/dbayod.com\/blog\/","logo":{"@type":"ImageObject","inLanguage":"es","@id":"https:\/\/dbayod.com\/blog\/#\/schema\/logo\/image\/","url":"https:\/\/dbayod.com\/blog\/wp-content\/uploads\/2021\/02\/cropped-logo.png","contentUrl":"https:\/\/dbayod.com\/blog\/wp-content\/uploads\/2021\/02\/cropped-logo.png","width":361,"height":95,"caption":"dbayod"},"image":{"@id":"https:\/\/dbayod.com\/blog\/#\/schema\/logo\/image\/"}}]}},"amp_enabled":true,"_links":{"self":[{"href":"https:\/\/dbayod.com\/blog\/wp-json\/wp\/v2\/pages\/703","targetHints":{"allow":["GET"]}}],"collection":[{"href":"https:\/\/dbayod.com\/blog\/wp-json\/wp\/v2\/pages"}],"about":[{"href":"https:\/\/dbayod.com\/blog\/wp-json\/wp\/v2\/types\/page"}],"author":[{"embeddable":true,"href":"https:\/\/dbayod.com\/blog\/wp-json\/wp\/v2\/users\/1"}],"replies":[{"embeddable":true,"href":"https:\/\/dbayod.com\/blog\/wp-json\/wp\/v2\/comments?post=703"}],"version-history":[{"count":0,"href":"https:\/\/dbayod.com\/blog\/wp-json\/wp\/v2\/pages\/703\/revisions"}],"wp:attachment":[{"href":"https:\/\/dbayod.com\/blog\/wp-json\/wp\/v2\/media?parent=703"}],"curies":[{"name":"wp","href":"https:\/\/api.w.org\/{rel}","templated":true}]}}